49800/1125 - 2/(-30). Let f = a - 810. What are the prime factors of f?
3, 367
Let t be 1 + (-2 - -2) + 10 + -12. Let u(w) = -1229*w - 10. What are the prime factors of u(t)?
23, 53
Suppose 3*g + 4*j - 46687 = 0, 0 = -g - 2*j + 12218 + 3341. List the prime factors of g.
15569
What are the prime factors of 3230*((-240)/(-50) - 4)?
2, 17, 19
Suppose -4*q + 12 = 5*h, -q + 0*h = -h - 3. Suppose -q*f = z - 1034, 3*f - f + z - 690 = 0. What are the prime factors of f?
2, 43
List the prime factors of 4964 + (1 - 0)/(78/(-468)).
2, 37, 67
Let z = 274 - 273. Let q(v) = 541*v**2 + 4*v. What are the prime factors of q(z)?
5, 109
Suppose -2*h + 1031 = w - 1338, 4*w - 2366 = -2*h. Suppose -2*l + 3537 = h. What are the prime factors of l?
2, 3, 7
List the prime factors of 1349505/50 + (4/(-2))/((-680)/(-34)).
2, 5, 2699
Let o = 48 + -40. Let k be 86/18 - o/(-36). Suppose -3*l = g - 0*g - 79, -333 = -4*g + k*l. What are the prime factors of g?
2, 41
Let x(k) = -113*k - 2821. List the prime factors of x(-71).
2, 3, 17
Suppose 2*h = -0 - 4. Let x be (5/h)/(6/(-12)). Suppose -4*j - x*d = -9 - 422, -4*j - 2*d + 422 = 0. List the prime factors of j.
2, 13
Let y(o) = -o**3 - 9*o**2 + 6*o - 6. Let w be y(-10). Let s be ((-1037)/w)/(2/(-4)). Let n = s + 55. What are the prime factors of n?
2, 29
Suppose -13070 = -11*k + 11119. Suppose 3*u - k = 5*t, 3*t + 3649 = 11*u - 6*u. List the prime factors of u.
2, 7, 13
Suppose 0 = -2*b, -2*o = -0*o + 2*b + 946. Let c = -65 - o. List the prime factors of c.
2, 3, 17
Suppose 3*a - 6*a - 73 = 2*i, -5*i + 38 = -3*a. What are the prime factors of 2/(-3) - 31367/a?
1493
Let k(y) = -3*y**3 - 41*y**2 + 18*y + 6. Let r be k(-16). Let o = 297 + r. What are the prime factors of o?
13, 139
Suppose 0 = 7*g - 12*g + 3060. Suppose 2*i + 51 = -i. What are the prime factors of 4/(-3)*g/i?
2, 3
Suppose -83*u + 82*u = -2*p - 50995, 0 = -5*u + 4*p + 254987. What are the prime factors of u?
13, 3923
Let c(u) = 187*u - 2112. List the prime factors of c(97).
11, 31, 47
Let h(y) be the third derivative of 11*y**5/60 + 7*y**4/12 - 9*y**3/2 + 39*y**2 + 2*y. List the prime factors of h(-9).
2, 3, 41
Let t = 662 - 657. List the prime factors of t/(15/8)*12.
2
Let w = 10 - 29. Let t = 2962 - 2959. What are the prime factors of 3796/24 + w/6 + t?
2, 79
Suppose 2*l = -15 - 81. Let i = l - -55. Suppose -d + 3*x - i*x = -116, -5*x + 226 = 2*d. List the prime factors of d.
2, 3
Suppose 5*r = 4*v - 4024, 5*r + 35 - 55 = 0. What are the prime factors of v?
3, 337
Let z be (-19914)/8 - (-78)/(-104). Let k = -1390 - z. List the prime factors of k.
2, 5, 11
Let u = -16 + -38. Let q = u + 56. Suppose 0*d - 2*d + 210 = -5*c, 8 = -q*c. What are the prime factors of d?
5, 19
Let o = 11549 - 3467. What are the prime factors of o?
2, 3, 449
Suppose 0 = 3*s + 2*p - 50, -33*s - 3*p - 30 = -36*s. Let v = 45 + -26. Suppose 485 = -s*r + v*r. List the prime factors of r.
97
Suppose v - 91211 = -h, -18 = -49*v + 51*v. List the prime factors of h.
2, 5, 4561
Suppose k = -0*k + 4*z + 22, -2*z - 14 = -2*k. Suppose 15*o = 12*o + k*d + 691, -237 = -o + 4*d. List the prime factors of o.
229
Let a(u) be the first derivative of -23*u**2/2 - 20*u - 3. Let f = -352 - -346. What are the prime factors of a(f)?
2, 59
Suppose 150121 - 104870 = 13*l - 167143. What are the prime factors of l?
2, 3, 7, 389
Let x(m) = -m**3 + 3*m**2 - 2*m + 4. Let g be x(3). Let s be (-450)/(-2) + g + 3. Suppose -3*k + 4*b = -284, 3*k - s - 48 = -b. What are the prime factors of k?
2, 23
Let a = 6994 - -1374. List the prime factors of a.
2, 523
Suppose -2664 = 2040*l - 2043*l. Let r = l - -65. What are the prime factors of r?
953
Suppose 78 = 3*h - 87. Let y = -38 + h. Suppose -6 + y = f. What are the prime factors of f?
11
Let s = -27 + 36. Let z = s + 3. Let k = z - 9. List the prime factors of k.
3
Let y be 2022*1 - (-35 + 0)/7. Let b = y + -1217. What are the prime factors of b?
2, 3, 5
Let j = -780 - -4598. Suppose 6*k - 2908 = j. List the prime factors of k.
19, 59
Let c(a) = 29*a + 265. Let n be c(0). Suppose -3*x + 1093 = n. What are the prime factors of x?
2, 3, 23
Let m be 8 + (-1452)/27 + 4/(-18). Let q = m + 308. List the prime factors of q.
2, 131
Let j = -29021 - -47299. What are the prime factors of j?
2, 13, 19, 37
Suppose 12 = -693*d + 696*d. Suppose -d*c = -k - 7791 + 54, 1920 = c - 5*k. What are the prime factors of c?
3, 5, 43
Let j = 1584 - 914. Let h = j + -157. List the prime factors of h.
3, 19
Suppose -2*r - 5*r = -0*r. Suppose r = 2*y - 5*a + 3*a - 1078, a - 5 = 0. What are the prime factors of y?
2, 17
Let a(p) = 45*p + 64. Let t be a(4). Let q = t - 128. List the prime factors of q.
2, 29
Suppose 5*q - 4*d = 95, -3*d + 25 = 2*q - 2*d. Let w = 27 - q. List the prime factors of w/(-15) - 1752/(-15).
2, 29
Suppose 0 = w - 4*j - 5, 4*j = w + 4*w - 25. Suppose 5*p + 91 = 3*d - 213, -524 = -w*d + 4*p. What are the prime factors of d?
2, 3
Suppose 5*z = -5*y - 175, -125 = 3*y - z - 0*z. Let r be ((-6)/4 + 1)*y. Suppose -r = -0*w - w. List the prime factors of w.
2, 5
List the prime factors of (-26)/325*-15395*5.
2, 3079
Suppose -2*g + 8 = -10. Let o(s) = s**2 - 10*s + 10. Let r be o(g). What are the prime factors of ((-11)/(-2))/(15/10 - r)?
11
Suppose 3*s + 14*s + 10*s - 1227393 = 0. What are the prime factors of s?
3, 5051
Let w be (2 + (-137)/3)/(7/(-1239)). Suppose 4*p = 2*j - 569 + w, -1772 = -p + 5*j. List the prime factors of p.
2, 7
Suppose 5*w - 3431 - 2794 = j, -2*w + 2490 = -3*j. List the prime factors of w.
3, 5, 83
Let z be 2/((-21)/12 + 2). Suppose z = 2*o - 2. Suppose 5*t - 4*p = 554 + 261, o*p = -t + 134. What are the prime factors of t?
3, 53
Suppose -39984 = -5*l + 4*k, 25 - 21 = -4*k. List the prime factors of l.
2, 1999
Let u(v) = 3*v**3 - 11*v**2 + v + 9. Let p be u(8). Let o = 53 + -48. Suppose -2*f - o*s + 1130 = 2*f, -3*f - 3*s + p = 0. List the prime factors of f.
3, 5, 19
Suppose 1 = s - 2, 0 = b - s - 27. Let x be (940/b)/((-4)/(-30)). Suppose 0 = -5*d - 5*u + x, 0 = 5*d + 3*u - 30 - 209. List the prime factors of d.
7
Suppose 3*s - 66363 = -2*o, 4*s - 48376 = 2*o + 40108. List the prime factors of s.
11, 2011
Suppose 125 = 2*y - 25. List the prime factors of y/125*145/3.
29
Let j(a) = 1264*a**2 - 5*a + 21. Let l(i) = -1263*i**2 + 4*i - 18. Let k(f) = -6*j(f) - 7*l(f). List the prime factors of k(1).
1259
Let o(q) = -207*q - 1195. List the prime factors of o(-33).
2, 1409
Let b = 1156 - 576. Suppose -596 = -7*z + b. What are the prime factors of z?
2, 3, 7
Let l be ((-9786)/2563)/(4/(-22)). Suppose -4*y = -1 - 15. Suppose -5*i = -2*w - 77 + l, 0 = y*i - 5*w - 38. List the prime factors of i.
2, 3
Let p be 8/(-8) - (-2 + -679). Suppose 0 = -a - 3*i + p, -i + 2669 = 4*a - 73. List the prime factors of a.
2, 7
Let g be 2 - ((-1)/1 + -59). Let r be 2/(-5) - (-24)/10. What are the prime factors of (g/(-8))/(r/(-16))?
2, 31
Let y(v) = 7*v**2 + 8*v + 1. Let f be y(-1). List the prime factors of 2 - -5 - 35/(f + 7).
2
Suppose 5*p - 2*r - 12011 = 0, -40*r + 37*r + 11996 = 5*p. Let n = p + -1021. What are the prime factors of n?
2, 3, 5, 23
Suppose 5*z = 1171 - 231. Let g be 3/5 - 207/(-5). Suppose 5*l - 5*w = z + g, 5*l + 5*w = 190. What are the prime factors of l?
2, 3, 7
Suppose -2*t - 4*t + 12 = 0. Let v be t*(4 + -2)/1 + 2. List the prime factors of 599/5 - -4*v/120.
2, 3, 5
Let u = -3428 - -6656. List the prime factors of u.
2, 3, 269
Let t(u) = 20*u + 142. Let o be t(-7). List the prime factors of ((3 + -164)/7)/(o/(-46)).
23
Let q(r) = -7*r**2 - 2*r + 3. Let o be q(2). Let p = o + -33. What are the prime factors of (p/6)/((-2)/12)?
2, 31
Suppose -5750 - 570 = -40*i. Let q = i - -659. List the prime factors of q.
19, 43
Let b = 4146 - 2341. List the prime factors of b.
5, 19
Suppose 2*h - 3932 = 2*u, -36*h - 2*u + 7834 = -32*h. List the prime factors of h.
37, 53
Suppose 0 = -11*n + 14*n + 9, -2454 = -v + 5*n. What are the prime factors of v?
3, 271
What are the prime factors of (1 + -6)*-1 + -161*(-2616)/42?
79, 127
Suppose 4*i + 26 = -3*h, 5*i - 3*h - 21 = 8*i. Let w(f) = 7*f**2 + 3*f + 2. Let l be w(i). Let d = l + -92. What are the prime factors of d?
2, 5, 7
Let d = 9 + -16. Let s(k) = 7*k**2 - 51. Let p be s(6). Let t = d + p. List the prime factors of t